3 + 10*i**2 + 8*i - 3. Suppose -9 = -5*m - 2*o + 8, 0 = -8*m + o + 23. Suppose 2*l + 18 = 2*r, -m*l + 6*l = -2*r - 27. What is y(l)?
6
Let t(l) = -l - 2. Let h be -4 - (-33)/6*-4. Let s = 62 + h. Suppose 38*n = s*n. Calculate t(n).
-2
Let m(w) = -8125*w**3 - 162*w + 5 - 7*w**2 + 8127*w**3 + 161*w. Determine m(3).
-7
Let f(z) = z - 1. Let o(i) = -11*i - 55. Let w(y) = 3*f(y) + o(y). Let j be w(-8). Suppose 6 = 8*n + j. Let u(c) = -c + 20. What is u(n)?
20
Suppose 9*z - 102 = 46*z + 65*z. Let g(u) = 8*u**2 - 2*u - 3. What is g(z)?
7
Let d(z) be the third derivative of -z**4/12 - 65*z**3/6 - 367*z**2 - 1. Give d(-27).
-11
Let k(v) be the first derivative of v**5/120 + 5*v**4/24 - 4*v**3/3 + 5*v**2/2 + 61. Let o(f) be the third derivative of k(f). Let l = 6 + 0. What is o(l)?
11
Let c(s) be the third derivative of -3*s**2 - 1/15*s**5 + 1/3*s**3 + 0*s + 0 + 1/12*s**4 + 1/120*s**6. Let h be 11/(-33)*(-96)/8. Calculate c(h).
10
Let k(x) = 10*x**2 - 5*x - 3. Let r be k(4). Suppose 59 = 7*l - r. Suppose -3*m = 4*b - l, -4*b + 4*m - 21 + 77 = 0. Let f(o) = o**2 - 12*o + 12. What is f(b)?
-8
Let d(x) = -x**3 + 13*x**2 - 19*x + 11. Let b be d(11). Suppose s - 2*c - 68 = -4*s, 3*s = 2*c + b. Let f(t) = -t + 1. Calculate f(s).
-11
Let b(p) = -3*p + 486 + 0*p + 86 - 621. Calculate b(-14).
-7
Let q(y) be the first derivative of 2*y**3/3 - 75*y**2/2 + 102*y - 11667. Give q(36).
-6
Suppose -5*d = -2*d + 6. Let l(u) = -1 + 3 - 221*u**3 + 2*u**2 + 130*u**3 + u - 1 + 93*u**3. Determine l(d).
-9
Suppose 12 = 21*c - 15*c. Let g(u) = 3 - 7*u - u - u**3 - u**2 + 6*u. Determine g(c).
-13
Let x(v) = -v + 1. Let o(p) = -2*p - 20. Suppose 2*i - 55 = 2*s + 3*s, 0 = 3*s + 3*i + 12. Let j be o(s). Let m be x(j). Let t(a) = -2*a + 1. Determine t(m).
-5
Let f(o) = -3*o + 71. Let h(p) = p**2 + 2*p - 337. Let k be h(-20). Determine f(k).
2
Let c(f) = f**3 + f - 1. Let a(v) = v + 5. Let m be a(-2). Let l(u) = -17*u + 12*u - 1 + 4 - u**2 - m*u**3. Let y(g) = -4*c(g) - l(g). What is y(0)?
1
Let f(t) = 236*t + 6. Let m(y) = -411*y - 11. Let b(r) = -7*f(r) - 4*m(r). Calculate b(2).
-14
Let p(c) be the second derivative of c**6/120 + c**5/12 + c**4/24 - 2*c**3/3 + 81*c**2/2 + 12*c - 2. Let d(z) be the first derivative of p(z). Calculate d(-3).
11
Let w(v) = -v**3 - 14*v**2 + 24*v + 4. Suppose 3*d - 4*a - 75 = -107, 5*a = -20. Calculate w(d).
132
Suppose 0 = 4*g + 3*d + 4 + 8, g + 2*d = -3. Let c(r) = -r**2 - 10*r - 7. Let q(m) = -5*m**2 - 52*m - 35. Let k(l) = -11*c(l) + 2*q(l). Determine k(g).
-2
Let v(i) = -11*i - 101. Let q(r) = 6*r + 51. Let n(a) = -5*q(a) - 2*v(a). Let d be -1*9*6/9. Let t be n(d). Let z(o) = -o**3 - 4*o**2 + 4*o + 5. Give z(t).
10
Let i(c) be the first derivative of -c**2/2 - 3*c - 13. Suppose -299 + 302 = -q. Determine i(q).
0
Let n = 2 - 11. Let g be 80/16 - 6/2. Let q(k) = -1 - k**2 + 968*k - 977*k - g - 1. Determine q(n).
-4
Let a(k) be the third derivative of -k**5/12 - 7*k**3/6 + 8796*k**2. Determine a(-5).
-132
Suppose 12 = u + 2*r, -5*u + 39*r = 40*r - 123. Let l(n) = -n**3 + 24*n**2 + 54*n - 61. Give l(u).
-9
Let g(u) = -9*u**2 + 4*u - 14. Let s(h) be the second derivative of 7*h**4/12 - 5*h**3/6 + 13*h**2/2 + 3*h - 7. Let n(b) = 4*g(b) + 5*s(b). Determine n(-11).
-13
Let q(i) = i**3 - 3*i**2 - 6*i + 1. Let t(l) = -17 - 6 - 12*l + 6*l**2 - 19*l**2 + 12*l**2. Let d be t(-9). Determine q(d).
-7
Suppose -18*c - 130 = -30*c - 14*c. Let l be (-3)/2*(-4)/3. Let m(t) = 0 - l - 1 - t. Calculate m(c).
-8
Let x(p) = 3*p**2 - 2*p**2 - 25715365*p + 34 + 25715343*p. Give x(19).
-23
Let w(s) = s**3 + 14*s**2 + 14*s + 18. Let d be w(-13). Suppose -m - 3*m = -2*o - 16, -2*o = 8. Let u(y) = -6*y + y - 2*y**m + d*y - 1. Calculate u(2).
-9
Let u(i) = 4*i**2 + 30*i + 15. Let n be u(-7). Let o be (-4 - -5)/(n/14*2). Let x(y) = y**2 - 7*y + 3. What is x(o)?
3
Let a(m) be the second derivative of m**4/4 + m**3/6 + m**2 + 31*m. Let g(w) = 4*w**2. Let j(s) = 3*a(s) - 2*g(s). Calculate j(-3).
6
Let t = 2700 + -2679. Let g(r) = -3*r + 66. Give g(t).
3
Let c(b) be the first derivative of -b**3/6 + 3*b**2/2 - 96*b + 92. Let v(d) be the first derivative of c(d). What is v(10)?
-7
Let b(h) be the first derivative of -h**3/3 + 11*h**2/2 - h + 800. Suppose 0 = 5*m - 5*l - 50, 7*m - 2*m - 26 = -l. Give b(m).
29
Let w(r) = 10*r + 7*r - 177 - 10*r + 10*r + r**2 + r. Calculate w(-25).
-2
Let j(s) = 32 - 29 + 24 + 3*s - 9*s - 32. Determine j(8).
-53
Let x(d) = 3*d - d - d**3 + 3*d**2 - 3 + 0*d**2. Let c be x(3). Let f(z) be the second derivative of -z**3/6 + 3*z**2 + 255*z + 2. Calculate f(c).
3
Let r(h) be the third derivative of h**8/6720 - h**7/360 + h**6/180 - 53*h**4/24 + 5*h**2 + 6*h. Let m(v) be the second derivative of r(v). Calculate m(7).
28
Suppose 2*l + 4 = 16. Let f(y) be the second derivative of 0 - 1/20*y**5 + y**3 - 17*y - 1/2*y**2 + 5/12*y**4. Give f(l).
-1
Let l(g) = 3*g + 4. Let o be (-63)/14 + (-204)/(-8). Suppose 0 = 3*u - 4*b + o, -4*u - 30 + 2 = 2*b. Determine l(u).
-17
Let y(z) = -63*z + 1202. Let q be y(19). Let o(b) = -3*b + 27. Determine o(q).
12
Let h(v) = -12*v**2 + 9*v + 19*v**2 + 4163*v**3 - 1 - 4164*v**3 - 15*v**2. Let s(b) = -b**2 - 3*b + 1. Let o be s(2). What is h(o)?
-1
Let d(f) = -2*f**3 + 5*f**2 - 7*f + 2. Let w be d(2). Let o be 50/(-15)*12/w. Let g(x) = x - 3. Give g(o).
2
Let b(i) = 0 - 9 + 3*i + 2 - 7*i. Suppose 17*x = 42*x + 175. Calculate b(x).
21
Suppose -8*k - o - 67 = -3*k, 5*o - 42 = 4*k. Let w(a) be the second derivative of -a**5/20 - 13*a**4/12 - a**3/6 - 4*a**2 + 5*a - 1195. Give w(k).
5
Let s(a) = -a**2 + 25*a + 59. Let x be s(27). Suppose -k + q = 7, x*q = -4*k - 5 + 4. Let o(f) = f**2 + 5*f + 2. Give o(k).
-2
Suppose -65*i - 35*i + 16*i = -336. Let l(d) = 5*d + 10. Determine l(i).
30
Let v(y) = 6 + 5*y + 2*y + 10*y**2 - 16 - 6*y**2 - 3*y. Let a(w) = w**2 - 1. Let n(u) = 5*a(u) - v(u). Determine n(5).
10
Let f(b) = -b**3 + 14*b**2 - 12*b - 10. Let m be 2 - -4*2 - (17 + -15). Suppose m*x - 47 = 57. What is f(x)?
3
Let n(c) be the first derivative of c**4/2 - c**3/3 - 4. Let s be n(1). Let l(d) be the third derivative of -3*d**4/4 + d**3/6 - 4*d**2 + 66*d. Determine l(s).
-17
Suppose -2*j + 14 = 4*l, -j = 5*l + 2 - 12. Let i(x) be the first derivative of x**2 + 6*x + 846. Determine i(j).
16
Let a be (5 + -4)*((-7)/1)/(-1). Let f(u) = 6*u - 41. Let z be f(a). Let o(b) = -113*b**2 + b - 6*b**3 + 113*b**2. Calculate o(z).
-5
Suppose -s = -0 - 1. Let n(b) = -b + 16531 - 33070 - 31*b + 16538. Calculate n(s).
-33
Let l(c) = c + 10. Suppose 18*q - 16*q - 12 = 0. Let u be 1 + q/(-14) + (-475)/35. Calculate l(u).
-3
Let r = 8 + -13. Let s(t) = -18*t - 1 + 4*t**2 - 7*t**2 + t + t + 2 - 11. What is s(r)?
-5
Let a be (2407/58 + -41)*4/(-1). Let g(n) be the second derivative of n**5/10 + n**4/4 + n**3/2 + 3*n**2/2 - 2*n. What is g(a)?
-7
Let g be 48/32 - (-147)/42. Let v(p) = p**3 - 6*p**2 - 5*p - 2. Give v(g).
-52
Suppose 0 = 3*n - 6, 4*n - 364 = 6*k - 10*k. Let m = k - 82. Let q(u) = -u**2 + 9*u + 2. Calculate q(m).
16
Let b(c) = c**3 - 3*c**2 + 6*c + 1. Let h(g) = 2*g**3 + 19*g**2 - 31*g - 7. Let a(n) = -5*b(n) - h(n). Give a(-3).
152
Suppose -4*y + 8 = 0, -y + 80 = 4*b + 3*y. Let h(i) = -1 - b*i - 2 + 0 + 20*i - i**3 - 4*i**2. Calculate h(-4).
-11
Suppose 495 = -30*i - 484 + 229. Let f(c) = -3*c - 83. Determine f(i).
-8
Let j(z) be the first derivative of 2*z**3 - 3*z - 3311. Calculate j(-3).
51
Let c(u) = 14*u**2 - 13. Let g be c(-4). Suppose 0 = 3*q - g - 17. Let n = q - 83. Let k(a) = -a**3 - 8*a**2 - 8*a - 7. Determine k(n).
0
Let t(z) = 12*z**2 - 184*z - 125. Let k be t(16). Let n(y) be the second derivative of 0 - 5*y + 1/2*y**2 - 5/3*y**k. Give n(-1).
11
Let b(y) = -2*y**2 - 4*y + 8. Let k be -2 - (-10)/7 - (-38)/(-7). Give b(k).
-40
Let h(f) = f**2 + 7*f + 4. Suppose -76 = -6*k - 52. Suppose -5 = k*m + 23. Determine h(m).
4
Let u(r) = -r**3 + 24*r**2 - 44*r - 15. Let n = 4188 - 4166. Calculate u(n).
-15
Suppose -2*z + 12*z - 20 = 0. Suppose -2*i + 8 = 4*s + z*i, -5*s + 16 = 2*i. Let f(q) = 2*q - 2. Calculate f(s).
6
Let d(a) = -a**3 - 6*a**2 + 12*a - 1. Suppose 21594*y = 21591*y - 21. What is d(y)?
-36
Let m = -359 + 402. Let d be (1*-1)/((-43)/m). Let b(w) = -3*w - w + 6*w + 2*w**2 - 1. Determine b(d).
3
Let z be 459/119 - 6/7. Let h(v